{"id":11,"date":"2013-08-19T15:46:40","date_gmt":"2013-08-19T13:46:40","guid":{"rendered":"http:\/\/www.cycle-innovate.de\/?page_id=11"},"modified":"2025-02-05T22:19:17","modified_gmt":"2025-02-05T20:19:17","slug":"bikefitting","status":"publish","type":"page","link":"http:\/\/www.cycle-innovate.de\/?page_id=11","title":{"rendered":"BikeFitting"},"content":{"rendered":"<div style=\"width: 474px;\" class=\"wp-video\"><!--[if lt IE 9]><script>document.createElement('video');<\/script><![endif]-->\n<video class=\"wp-video-shortcode\" id=\"video-11-1\" width=\"474\" height=\"267\" preload=\"metadata\" controls=\"controls\"><source type=\"video\/mp4\" src=\"http:\/\/www.cycle-innovate.de\/wp-content\/uploads\/2013\/08\/Maschine-2018-1.mp4?_=1\" \/><a href=\"http:\/\/www.cycle-innovate.de\/wp-content\/uploads\/2013\/08\/Maschine-2018-1.mp4\">http:\/\/www.cycle-innovate.de\/wp-content\/uploads\/2013\/08\/Maschine-2018-1.mp4<\/a><\/video><\/div>\n<p>Im Jahr 2012 entwickelten wir eine Fittingmaschine zur Ermittlung der individuellen Sitzposition f\u00fcr den Radsportler. \u00a0Neueste Ultraschallsensoren,\u00a0Bewegungsmotoren und Leistungsmodule helfen dabei, unterschiedliche Sitzpositionen zu analysieren\u00a0und auszuwerten.<span style=\"color: #000000;\"><img loading=\"lazy\" decoding=\"async\" class=\"aligncenter size-medium wp-image-1232\" src=\"http:\/\/www.cycle-innovate.de\/wp-content\/uploads\/2015\/11\/IMG-20150619-WA0003-300x225.jpg\" alt=\"M1\" width=\"300\" height=\"225\" srcset=\"http:\/\/www.cycle-innovate.de\/wp-content\/uploads\/2015\/11\/IMG-20150619-WA0003-300x225.jpg 300w, http:\/\/www.cycle-innovate.de\/wp-content\/uploads\/2015\/11\/IMG-20150619-WA0003-1024x768.jpg 1024w, http:\/\/www.cycle-innovate.de\/wp-content\/uploads\/2015\/11\/IMG-20150619-WA0003.jpg 1280w\" sizes=\"(max-width: 300px) 100vw, 300px\" \/>Unsere Methode des BikeFittings haben wir mit der Anwendung von Thermografiedaten weiterentwickelt. Durch die Anwendung von Hochleistungskameras k\u00f6nnen kleinste Temperaturunterschiede auf der Hautoberfl\u00e4che der Sportler w\u00e4hrend einer simulierten Trainingsfahrt visualisiert und dokumentiert werden.<\/span><\/p>\n<p><span style=\"color: #000000;\"><img loading=\"lazy\" decoding=\"async\" class=\"aligncenter size-medium wp-image-1234\" src=\"http:\/\/www.cycle-innovate.de\/wp-content\/uploads\/2015\/11\/IMG-20150619-WA0006-225x300.jpg\" alt=\"M2\" width=\"225\" height=\"300\" srcset=\"http:\/\/www.cycle-innovate.de\/wp-content\/uploads\/2015\/11\/IMG-20150619-WA0006-225x300.jpg 225w, http:\/\/www.cycle-innovate.de\/wp-content\/uploads\/2015\/11\/IMG-20150619-WA0006-768x1024.jpg 768w, http:\/\/www.cycle-innovate.de\/wp-content\/uploads\/2015\/11\/IMG-20150619-WA0006.jpg 960w\" sizes=\"(max-width: 225px) 100vw, 225px\" \/><\/span><\/p>\n<p>Kleinste Einschr\u00e4nkungssymptome k\u00f6nnen wir mit Hilfe unserer Kameras jetzt lokalisieren, aufzeigen und durch Anpassung der Sitzposition optimal reagieren &#8211; verletzungsfrei und leistungsorientiert.<\/p>\n<p><img loading=\"lazy\" decoding=\"async\" class=\"aligncenter size-medium wp-image-1233\" src=\"http:\/\/www.cycle-innovate.de\/wp-content\/uploads\/2015\/11\/IMG-20150619-WA0004-300x225.jpg\" alt=\"M3\" width=\"300\" height=\"225\" srcset=\"http:\/\/www.cycle-innovate.de\/wp-content\/uploads\/2015\/11\/IMG-20150619-WA0004-300x225.jpg 300w, http:\/\/www.cycle-innovate.de\/wp-content\/uploads\/2015\/11\/IMG-20150619-WA0004-1024x768.jpg 1024w, http:\/\/www.cycle-innovate.de\/wp-content\/uploads\/2015\/11\/IMG-20150619-WA0004.jpg 1280w\" sizes=\"(max-width: 300px) 100vw, 300px\" \/><\/p>\n<p><span style=\"color: #000000;\">Das Resultat ist die effektivste und ergonomischste Sitzposition.<\/span><\/p>\n<p><span style=\"color: #000000;\"><br \/>Denn nur wenn der K\u00f6rper sich wohl f\u00fchlt, kann die maximale Leistung angesprochen werden.<\/span><\/p>\n<div style=\"width: 474px;\" class=\"wp-video\"><video class=\"wp-video-shortcode\" id=\"video-11-2\" width=\"474\" height=\"267\" preload=\"metadata\" controls=\"controls\"><source type=\"video\/mp4\" src=\"http:\/\/www.cycle-innovate.de\/wp-content\/uploads\/2013\/08\/Fitting-mit-IR.mp4?_=2\" \/><a href=\"http:\/\/www.cycle-innovate.de\/wp-content\/uploads\/2013\/08\/Fitting-mit-IR.mp4\">http:\/\/www.cycle-innovate.de\/wp-content\/uploads\/2013\/08\/Fitting-mit-IR.mp4<\/a><\/video><\/div>\n<p><img loading=\"lazy\" decoding=\"async\" class=\"aligncenter size-full wp-image-1909\" src=\"http:\/\/www.cycle-innovate.de\/wp-content\/uploads\/2013\/08\/seite-n.png\" alt=\"\" width=\"2059\" height=\"1204\" srcset=\"http:\/\/www.cycle-innovate.de\/wp-content\/uploads\/2013\/08\/seite-n.png 2059w, http:\/\/www.cycle-innovate.de\/wp-content\/uploads\/2013\/08\/seite-n-300x175.png 300w, http:\/\/www.cycle-innovate.de\/wp-content\/uploads\/2013\/08\/seite-n-768x449.png 768w, http:\/\/www.cycle-innovate.de\/wp-content\/uploads\/2013\/08\/seite-n-1024x599.png 1024w\" sizes=\"(max-width: 2059px) 100vw, 2059px\" \/><\/p>\n<hr \/>\n<h6 style=\"text-align: center;\">\u00a0BikeFitting-Programm<\/h6>\n<ul>\n<li>Schuhplatteneinstellung<\/li>\n<li>Biometrische Sitzpositionsvermessung\u00a0(Physikalischer Referenzwert)<\/li>\n<li>Analyse mit Thermografiedaten (NEU)<\/li>\n<li>Bewegungsanalyse<\/li>\n<li>Fahrsimulation und Belastungsanalyse<\/li>\n<li>\u00dcbertragung der Werte auf das Rennrad\/Zeitfahrrad<\/li>\n<li>Bereitstellung der Protokolle f\u00fcr unterschiedliche Kurbell\u00e4ngen<\/li>\n<li>Trainingsberatung<\/li>\n<\/ul>\n<p><em>Dauer ca. 2,5 &#8211; 4 Stunden<\/em><\/p>\n<p>Rennrad: 299,-\u20ac \/\/ Zeitfahrrad: 345,-\u20ac<\/p>\n<hr \/>\n<p>\u00dcbertragung der Werte auf ein zweites Rennrad\/Zeitfahrrad: \u00a0 69,-\u20ac<br \/>\u00dcbertragung der Werte auf ein zweites Paar Schuhe: \u00a0 \u00a0 \u00a0 \u00a0 \u00a0 \u00a0 \u00a0 \u00a0 \u00a0 \u00a0 \u00a025,-\u20ac<\/p>\n<p>alle Preise inkl. gesetzl. MwSt.<\/p>\n<p><a href=\"http:\/\/www.cycle-innovate.de\/?page_id=883\">Termin vereinbaren<\/a><\/p>\n\n\n<p><\/p>\n","protected":false},"excerpt":{"rendered":"<p>Im Jahr 2012 entwickelten wir eine Fittingmaschine zur Ermittlung der individuellen Sitzposition f\u00fcr den Radsportler. \u00a0Neueste Ultraschallsensoren,\u00a0Bewegungsmotoren und Leistungsmodule helfen dabei, unterschiedliche Sitzpositionen zu analysieren\u00a0und auszuwerten.Unsere Methode des BikeFittings haben wir mit der Anwendung von Thermografiedaten weiterentwickelt. Durch die Anwendung von Hochleistungskameras k\u00f6nnen kleinste Temperaturunterschiede auf der Hautoberfl\u00e4che der Sportler w\u00e4hrend einer simulierten Trainingsfahrt visualisiert &hellip; <a href=\"http:\/\/www.cycle-innovate.de\/?page_id=11\" class=\"more-link\"><span class=\"screen-reader-text\">BikeFitting<\/span> weiterlesen <span class=\"meta-nav\">&rarr;<\/span><\/a><\/p>\n","protected":false},"author":1,"featured_media":0,"parent":2,"menu_order":1,"comment_status":"closed","ping_status":"open","template":"","meta":{"spay_email":"","footnotes":""},"class_list":["post-11","page","type-page","status-publish","hentry"],"_links":{"self":[{"href":"http:\/\/www.cycle-innovate.de\/index.php?rest_route=\/wp\/v2\/pages\/11"}],"collection":[{"href":"http:\/\/www.cycle-innovate.de\/index.php?rest_route=\/wp\/v2\/pages"}],"about":[{"href":"http:\/\/www.cycle-innovate.de\/index.php?rest_route=\/wp\/v2\/types\/page"}],"author":[{"embeddable":true,"href":"http:\/\/www.cycle-innovate.de\/index.php?rest_route=\/wp\/v2\/users\/1"}],"replies":[{"embeddable":true,"href":"http:\/\/www.cycle-innovate.de\/index.php?rest_route=%2Fwp%2Fv2%2Fcomments&post=11"}],"version-history":[{"count":224,"href":"http:\/\/www.cycle-innovate.de\/index.php?rest_route=\/wp\/v2\/pages\/11\/revisions"}],"predecessor-version":[{"id":2343,"href":"http:\/\/www.cycle-innovate.de\/index.php?rest_route=\/wp\/v2\/pages\/11\/revisions\/2343"}],"up":[{"embeddable":true,"href":"http:\/\/www.cycle-innovate.de\/index.php?rest_route=\/wp\/v2\/pages\/2"}],"wp:attachment":[{"href":"http:\/\/www.cycle-innovate.de\/index.php?rest_route=%2Fwp%2Fv2%2Fmedia&parent=11"}],"curies":[{"name":"wp","href":"https:\/\/api.w.org\/{rel}","templated":true}]}}