{"id":19,"date":"2013-08-19T15:52:30","date_gmt":"2013-08-19T13:52:30","guid":{"rendered":"http:\/\/www.cycle-innovate.de\/?page_id=19"},"modified":"2025-02-05T22:22:03","modified_gmt":"2025-02-05T20:22:03","slug":"impressum","status":"publish","type":"page","link":"http:\/\/www.cycle-innovate.de\/?page_id=19","title":{"rendered":"Impressum"},"content":{"rendered":"<hr \/>\n<p style=\"text-align: left;\">\n<p style=\"text-align: left;\"><span style=\"color: #003366;\">\u00a0<\/span><\/p>\n<p>Verantwortlich f\u00fcr den Inhalt\u00a0gem\u00e4\u00df nach\u00a0Angaben \u00a7 5 TMG:<\/p>\n<p>Philip Kaczmarowski<br \/>\nAbendrothsweg 25<br \/>\n20251 Hamburg<br \/>\nFinanzamt Hamburg<br \/>\nSteuernummer: 45\/111\/02109<\/p>\n<h6>Haftungsausschluss<\/h6>\n<p><span style=\"color: #000000;\"> Der Autor \u00fcbernimmt keinerlei Gew\u00e4hr f\u00fcr die Aktualit\u00e4t, Korrektheit, Vollst\u00e4ndigkeit oder Qualit\u00e4t der bereitgestellten Informationen. Haftungsanspr\u00fcche gegen den Autor, welche sich auf Sch\u00e4den materieller oder ideeller Art beziehen, die durch die Nutzung oder Nichtnutzung der dargebotenen Informationen bzw, durch die Nutzung fehlerhafter und unvollst\u00e4ndiger Informationen verursacht wurden, sind grunds\u00e4tzlich ausgeschlossen, sofern seitens des Autors kein nachweislich vors\u00e4tzliches oder grob fahrl\u00e4ssiges Verschulden vorliegt.<\/span><br \/>\n<span style=\"color: #000000;\"> Alle Angebote sind freibleibend und unverbindlich. Der Autor beh\u00e4lt sich ausdr\u00fccklich vor, Teile der Seiten oder das gesamte Angebot ohne besondere Ank\u00fcndigung zu ver\u00e4ndern, zu erg\u00e4nzen, zu l\u00f6schen oder die Ver\u00f6ffentlichung zeitweise oder endg\u00fcltig einzustellen.<\/span><\/p>\n<h4><span style=\"color: #000000;\"><img loading=\"lazy\" decoding=\"async\" class=\"aligncenter wp-image-1354\" src=\"http:\/\/www.cycle-innovate.de\/wp-content\/uploads\/2013\/08\/PNG_Logo-e1459357392344.png\" alt=\"\" width=\"247\" height=\"213\" srcset=\"http:\/\/www.cycle-innovate.de\/wp-content\/uploads\/2013\/08\/PNG_Logo-e1459357392344.png 331w, http:\/\/www.cycle-innovate.de\/wp-content\/uploads\/2013\/08\/PNG_Logo-e1459357392344-300x259.png 300w\" sizes=\"(max-width: 247px) 100vw, 247px\" \/>\u00a0<\/span><\/h4>\n<h4><span style=\"color: #000000;\">\u00a0<\/span><\/h4>\n<h4><span style=\"color: #000000;\">\u00a0<\/span><\/h4>\n<h4><span style=\"color: #000000;\">\u00a0<\/span><\/h4>\n<h4><span style=\"color: #000000;\">\u00a0<\/span><\/h4>\n<p><span style=\"color: #000000;\">\u00a0<\/span><\/p>\n","protected":false},"excerpt":{"rendered":"<p>\u00a0 Verantwortlich f\u00fcr den Inhalt\u00a0gem\u00e4\u00df nach\u00a0Angaben \u00a7 5 TMG: Philip Kaczmarowski Abendrothsweg 25 20251 Hamburg Finanzamt Hamburg Steuernummer: 45\/111\/02109 Haftungsausschluss Der Autor \u00fcbernimmt keinerlei Gew\u00e4hr f\u00fcr die Aktualit\u00e4t, Korrektheit, Vollst\u00e4ndigkeit oder Qualit\u00e4t der bereitgestellten Informationen. Haftungsanspr\u00fcche gegen den Autor, welche sich auf Sch\u00e4den materieller oder ideeller Art beziehen, die durch die Nutzung oder Nichtnutzung der &hellip; <a href=\"http:\/\/www.cycle-innovate.de\/?page_id=19\" class=\"more-link\"><span class=\"screen-reader-text\">Impressum<\/span> weiterlesen <span class=\"meta-nav\">&rarr;<\/span><\/a><\/p>\n","protected":false},"author":1,"featured_media":0,"parent":883,"menu_order":1,"comment_status":"closed","ping_status":"open","template":"","meta":{"spay_email":"","footnotes":""},"class_list":["post-19","page","type-page","status-publish","hentry"],"_links":{"self":[{"href":"http:\/\/www.cycle-innovate.de\/index.php?rest_route=\/wp\/v2\/pages\/19"}],"collection":[{"href":"http:\/\/www.cycle-innovate.de\/index.php?rest_route=\/wp\/v2\/pages"}],"about":[{"href":"http:\/\/www.cycle-innovate.de\/index.php?rest_route=\/wp\/v2\/types\/page"}],"author":[{"embeddable":true,"href":"http:\/\/www.cycle-innovate.de\/index.php?rest_route=\/wp\/v2\/users\/1"}],"replies":[{"embeddable":true,"href":"http:\/\/www.cycle-innovate.de\/index.php?rest_route=%2Fwp%2Fv2%2Fcomments&post=19"}],"version-history":[{"count":75,"href":"http:\/\/www.cycle-innovate.de\/index.php?rest_route=\/wp\/v2\/pages\/19\/revisions"}],"predecessor-version":[{"id":2316,"href":"http:\/\/www.cycle-innovate.de\/index.php?rest_route=\/wp\/v2\/pages\/19\/revisions\/2316"}],"up":[{"embeddable":true,"href":"http:\/\/www.cycle-innovate.de\/index.php?rest_route=\/wp\/v2\/pages\/883"}],"wp:attachment":[{"href":"http:\/\/www.cycle-innovate.de\/index.php?rest_route=%2Fwp%2Fv2%2Fmedia&parent=19"}],"curies":[{"name":"wp","href":"https:\/\/api.w.org\/{rel}","templated":true}]}}